{"id":31,"date":"2024-01-24T09:16:57","date_gmt":"2024-01-24T09:16:57","guid":{"rendered":"https:\/\/emv.upc.edu\/?page_id=31"},"modified":"2024-06-26T11:32:39","modified_gmt":"2024-06-26T11:32:39","slug":"1-aprendre-comprendre-i-millora","status":"publish","type":"page","link":"https:\/\/emv.upc.edu\/index.php\/cat\/1-aprendre-comprendre-i-millora\/","title":{"rendered":"1. Aprendre, Compendre i Millorar"},"content":{"rendered":"\n<div class=\"wp-block-columns is-layout-flex wp-container-core-columns-is-layout-9d6595d7 wp-block-columns-is-layout-flex\">\n<div class=\"wp-block-column is-layout-flow wp-block-column-is-layout-flow\"><\/div>\n\n\n\n<div class=\"wp-block-column is-layout-flow wp-block-column-is-layout-flow\" style=\"flex-basis:40px\">\n<figure class=\"wp-block-image size-full is-resized\"><a href=\"https:\/\/emv.upc.edu\/index.php\/cat\/1-aprendre-comprendre-i-millora\/\"><img loading=\"lazy\" decoding=\"async\" width=\"500\" height=\"332\" src=\"https:\/\/emv.upc.edu\/wp-content\/uploads\/2024\/06\/1200px-Flag_of_Catalonia.svg-500x500-2.png\" alt=\"\" class=\"wp-image-675\" style=\"width:47px;height:auto\" srcset=\"https:\/\/emv.upc.edu\/wp-content\/uploads\/2024\/06\/1200px-Flag_of_Catalonia.svg-500x500-2.png 500w, https:\/\/emv.upc.edu\/wp-content\/uploads\/2024\/06\/1200px-Flag_of_Catalonia.svg-500x500-2-300x199.png 300w, https:\/\/emv.upc.edu\/wp-content\/uploads\/2024\/06\/1200px-Flag_of_Catalonia.svg-500x500-2-285x190.png 285w\" sizes=\"auto, (max-width: 500px) 100vw, 500px\" \/><\/a><\/figure>\n<\/div>\n\n\n\n<div class=\"wp-block-column is-layout-flow wp-block-column-is-layout-flow\" style=\"flex-basis:40px\">\n<figure class=\"wp-block-image size-full is-resized\"><a href=\"https:\/\/emv.upc.edu\/index.php\/cast\/1-aprender-comprender-y-mejorar\/\"><img loading=\"lazy\" decoding=\"async\" width=\"275\" height=\"183\" src=\"https:\/\/emv.upc.edu\/wp-content\/uploads\/2024\/06\/flag_of_Spain.png\" alt=\"\" class=\"wp-image-670\" style=\"width:47px;height:auto\"\/><\/a><\/figure>\n<\/div>\n\n\n\n<div class=\"wp-block-column is-layout-flow wp-block-column-is-layout-flow\" style=\"flex-basis:40px\">\n<figure class=\"wp-block-image size-large is-resized\"><a href=\"https:\/\/emv.upc.edu\/index.php\/en\/1-learn-understand-and-improve\/\"><img loading=\"lazy\" decoding=\"async\" width=\"1024\" height=\"614\" src=\"https:\/\/emv.upc.edu\/wp-content\/uploads\/2024\/06\/Flag_of_the_United_Kingdom_3-5.svg_-1024x614.png\" alt=\"\" class=\"wp-image-668\" style=\"width:50px;height:auto\" srcset=\"https:\/\/emv.upc.edu\/wp-content\/uploads\/2024\/06\/Flag_of_the_United_Kingdom_3-5.svg_-1024x614.png 1024w, https:\/\/emv.upc.edu\/wp-content\/uploads\/2024\/06\/Flag_of_the_United_Kingdom_3-5.svg_-300x180.png 300w, https:\/\/emv.upc.edu\/wp-content\/uploads\/2024\/06\/Flag_of_the_United_Kingdom_3-5.svg_-768x461.png 768w, https:\/\/emv.upc.edu\/wp-content\/uploads\/2024\/06\/Flag_of_the_United_Kingdom_3-5.svg_-1536x922.png 1536w, https:\/\/emv.upc.edu\/wp-content\/uploads\/2024\/06\/Flag_of_the_United_Kingdom_3-5.svg_-2048x1229.png 2048w\" sizes=\"auto, (max-width: 1024px) 100vw, 1024px\" \/><\/a><\/figure>\n<\/div>\n<\/div>\n\n\n\n<p class=\"has-text-align-right has-small-font-size\"><a href=\"https:\/\/emv.upc.edu\/\">Inici<\/a> I <a href=\"https:\/\/emv.upc.edu\/index.php\/cat\/presentacio\/\">Presentaci\u00f3<\/a> I <a href=\"https:\/\/emv.upc.edu\/index.php\/cat\/metodologia\/\">Metodologia<\/a> I <a href=\"https:\/\/emv.upc.edu\/index.php\/cat\/recursos\/\">Recursos<\/a> I <a href=\"https:\/\/emv.upc.edu\/index.php\/cat\/divulgacio\/\">Divulgaci\u00f3<\/a><\/p>\n\n\n\n<p class=\"has-large-font-size\" style=\"font-style:normal;font-weight:800\"><strong>1. Aprendre, Compendre i Millorar<\/strong><\/p>\n\n\n\n<p>Es tracta d&#8217;aprendre de les experi\u00e8ncies ja realitzades per l&#8217;equip que desenvolupa E+V amb el suport del CEB en escoles p\u00fabliques de la ciutat, analitzant detalladament els encerts i errors de cara a poder extrapolar-les amb \u00e8xit. Tamb\u00e9 s&#8217;analitzaran altres treballs de recerca, projectes espec\u00edfics o accions considerades com a bones pr\u00e0ctiques per a validar la seva pertin\u00e8ncia i utilitat com a referents. Aquestes activitats permetran disposar d&#8217;una diagnosi de mancances i oportunitats:<br>Aquesta tem\u00e0tica comportar\u00e0 les seg\u00fcents tasques:<\/p>\n\n\n\n<ul class=\"wp-block-list\">\n<li>Tasca 1.1 Aprendre de les experi\u00e8ncies pr\u00f2pies: Proves pilot realitzades, actuacions implementades pel CEB complement\u00e0ries a les proves pilot.<\/li>\n\n\n\n<li>Tasca 1.2 An\u00e0lisis de refer\u00e8ncies i bones pr\u00e0ctiques: Projectes de recerca, actuacions de refer\u00e8ncia.<\/li>\n\n\n\n<li>Tasca 1.3 Diagnosi de mancances i oportunitats.<\/li>\n<\/ul>\n\n\n\n<p><\/p>\n\n\n\n<div class=\"alignnormal\"><div id=\"metaslider-id-38\" style=\"width: 100%;\" class=\"ml-slider-3-108-0 metaslider metaslider-flex metaslider-38 ml-slider ms-theme-default nav-hidden\" role=\"region\" aria-label=\"Dispositivas 1. Aprendre\" data-height=\"300\" data-width=\"700\">\n    <div id=\"metaslider_container_38\">\n        <div id=\"metaslider_38\">\n            <ul class='slides'>\n                <li style=\"display: block; width: 100%;\" class=\"slide-39 ms-image \" aria-roledescription=\"slide\" data-date=\"2024-01-24 09:41:30\" data-filename=\"metodologia-1-700x300.png\" data-slide-type=\"image\"><img loading=\"lazy\" decoding=\"async\" src=\"https:\/\/emv.upc.edu\/wp-content\/uploads\/2024\/01\/metodologia-1-700x300.png\" height=\"300\" width=\"700\" alt=\"\" class=\"slider-38 slide-39 msDefaultImage\" title=\"metodologia 1\" \/><\/li>\n                <li style=\"display: none; width: 100%;\" class=\"slide-40 ms-image \" aria-roledescription=\"slide\" data-date=\"2024-01-24 09:41:56\" data-filename=\"metodologia-1.2-700x300.png\" data-slide-type=\"image\"><img loading=\"lazy\" decoding=\"async\" src=\"https:\/\/emv.upc.edu\/wp-content\/uploads\/2024\/01\/metodologia-1.2-700x300.png\" height=\"300\" width=\"700\" alt=\"\" class=\"slider-38 slide-40 msDefaultImage\" title=\"metodologia 1.2\" \/><\/li>\n                <li style=\"display: none; width: 100%;\" class=\"slide-244 ms-image \" aria-roledescription=\"slide\" data-date=\"2024-01-31 12:17:13\" data-filename=\"metodologia-1.3-700x300.png\" data-slide-type=\"image\"><img loading=\"lazy\" decoding=\"async\" src=\"https:\/\/emv.upc.edu\/wp-content\/uploads\/2024\/01\/metodologia-1.3-700x300.png\" height=\"300\" width=\"700\" alt=\"\" class=\"slider-38 slide-244 msDefaultImage\" title=\"metodologia 1.3\" \/><\/li>\n            <\/ul>\n        <\/div>\n        \n    <\/div>\n<\/div><\/div>\n","protected":false},"excerpt":{"rendered":"<p>Inici I Presentaci\u00f3 I Metodologia I Recursos I Divulgaci\u00f3 1. Aprendre, Compendre i Millorar Es tracta d&#8217;aprendre de les experi\u00e8ncies ja realitzades per l&#8217;equip que desenvolupa E+V amb el suport del CEB en escoles p\u00fabliques de la ciutat, analitzant detalladament els encerts i errors de cara a poder extrapolar-les amb \u00e8xit. Tamb\u00e9 s&#8217;analitzaran altres treballs<span class=\"post-excerpt-end\">&hellip;<\/span><\/p>\n<p class=\"more-link\"><a href=\"https:\/\/emv.upc.edu\/index.php\/cat\/1-aprendre-comprendre-i-millora\/\" class=\"themebutton\">Read More<\/a><\/p>\n","protected":false},"author":2,"featured_media":0,"parent":403,"menu_order":0,"comment_status":"closed","ping_status":"closed","template":"","meta":{"footnotes":""},"class_list":["post-31","page","type-page","status-publish","hentry"],"yoast_head":"<!-- This site is optimized with the Yoast SEO plugin v22.9 - https:\/\/yoast.com\/wordpress\/plugins\/seo\/ -->\n<title>1. Aprendre, Compendre i Millorar -<\/title>\n<meta name=\"robots\" content=\"index, follow, max-snippet:-1, max-image-preview:large, max-video-preview:-1\" \/>\n<link rel=\"canonical\" href=\"https:\/\/emv.upc.edu\/index.php\/cat\/1-aprendre-comprendre-i-millora\/\" \/>\n<meta property=\"og:locale\" content=\"en_US\" \/>\n<meta property=\"og:type\" content=\"article\" \/>\n<meta property=\"og:title\" content=\"1. Aprendre, Compendre i Millorar -\" \/>\n<meta property=\"og:description\" content=\"Inici I Presentaci\u00f3 I Metodologia I Recursos I Divulgaci\u00f3 1. Aprendre, Compendre i Millorar Es tracta d&#8217;aprendre de les experi\u00e8ncies ja realitzades per l&#8217;equip que desenvolupa E+V amb el suport del CEB en escoles p\u00fabliques de la ciutat, analitzant detalladament els encerts i errors de cara a poder extrapolar-les amb \u00e8xit. Tamb\u00e9 s&#8217;analitzaran altres treballs&hellip;Read More\" \/>\n<meta property=\"og:url\" content=\"https:\/\/emv.upc.edu\/index.php\/cat\/1-aprendre-comprendre-i-millora\/\" \/>\n<meta property=\"article:modified_time\" content=\"2024-06-26T11:32:39+00:00\" \/>\n<meta property=\"og:image\" content=\"https:\/\/emv.upc.edu\/wp-content\/uploads\/2024\/06\/1200px-Flag_of_Catalonia.svg-500x500-2.png\" \/>\n<meta name=\"twitter:card\" content=\"summary_large_image\" \/>\n<meta name=\"twitter:label1\" content=\"Est. reading time\" \/>\n\t<meta name=\"twitter:data1\" content=\"2 minutes\" \/>\n<script type=\"application\/ld+json\" class=\"yoast-schema-graph\">{\"@context\":\"https:\/\/schema.org\",\"@graph\":[{\"@type\":\"WebPage\",\"@id\":\"https:\/\/emv.upc.edu\/index.php\/cat\/1-aprendre-comprendre-i-millora\/\",\"url\":\"https:\/\/emv.upc.edu\/index.php\/cat\/1-aprendre-comprendre-i-millora\/\",\"name\":\"1. Aprendre, Compendre i Millorar -\",\"isPartOf\":{\"@id\":\"https:\/\/emv.upc.edu\/#website\"},\"primaryImageOfPage\":{\"@id\":\"https:\/\/emv.upc.edu\/index.php\/cat\/1-aprendre-comprendre-i-millora\/#primaryimage\"},\"image\":{\"@id\":\"https:\/\/emv.upc.edu\/index.php\/cat\/1-aprendre-comprendre-i-millora\/#primaryimage\"},\"thumbnailUrl\":\"https:\/\/emv.upc.edu\/wp-content\/uploads\/2024\/06\/1200px-Flag_of_Catalonia.svg-500x500-2.png\",\"datePublished\":\"2024-01-24T09:16:57+00:00\",\"dateModified\":\"2024-06-26T11:32:39+00:00\",\"breadcrumb\":{\"@id\":\"https:\/\/emv.upc.edu\/index.php\/cat\/1-aprendre-comprendre-i-millora\/#breadcrumb\"},\"inLanguage\":\"en-US\",\"potentialAction\":[{\"@type\":\"ReadAction\",\"target\":[\"https:\/\/emv.upc.edu\/index.php\/cat\/1-aprendre-comprendre-i-millora\/\"]}]},{\"@type\":\"ImageObject\",\"inLanguage\":\"en-US\",\"@id\":\"https:\/\/emv.upc.edu\/index.php\/cat\/1-aprendre-comprendre-i-millora\/#primaryimage\",\"url\":\"https:\/\/emv.upc.edu\/wp-content\/uploads\/2024\/06\/1200px-Flag_of_Catalonia.svg-500x500-2.png\",\"contentUrl\":\"https:\/\/emv.upc.edu\/wp-content\/uploads\/2024\/06\/1200px-Flag_of_Catalonia.svg-500x500-2.png\",\"width\":500,\"height\":332},{\"@type\":\"BreadcrumbList\",\"@id\":\"https:\/\/emv.upc.edu\/index.php\/cat\/1-aprendre-comprendre-i-millora\/#breadcrumb\",\"itemListElement\":[{\"@type\":\"ListItem\",\"position\":1,\"name\":\"Portada\",\"item\":\"https:\/\/emv.upc.edu\/\"},{\"@type\":\"ListItem\",\"position\":2,\"name\":\"E + V &#8211; Escoles m\u00e9s ventilades\",\"item\":\"https:\/\/emv.upc.edu\/\"},{\"@type\":\"ListItem\",\"position\":3,\"name\":\"1. Aprendre, Compendre i Millorar\"}]},{\"@type\":\"WebSite\",\"@id\":\"https:\/\/emv.upc.edu\/#website\",\"url\":\"https:\/\/emv.upc.edu\/\",\"name\":\"\",\"description\":\"\",\"potentialAction\":[{\"@type\":\"SearchAction\",\"target\":{\"@type\":\"EntryPoint\",\"urlTemplate\":\"https:\/\/emv.upc.edu\/?s={search_term_string}\"},\"query-input\":\"required name=search_term_string\"}],\"inLanguage\":\"en-US\"}]}<\/script>\n<!-- \/ Yoast SEO plugin. -->","yoast_head_json":{"title":"1. Aprendre, Compendre i Millorar -","robots":{"index":"index","follow":"follow","max-snippet":"max-snippet:-1","max-image-preview":"max-image-preview:large","max-video-preview":"max-video-preview:-1"},"canonical":"https:\/\/emv.upc.edu\/index.php\/cat\/1-aprendre-comprendre-i-millora\/","og_locale":"en_US","og_type":"article","og_title":"1. Aprendre, Compendre i Millorar -","og_description":"Inici I Presentaci\u00f3 I Metodologia I Recursos I Divulgaci\u00f3 1. Aprendre, Compendre i Millorar Es tracta d&#8217;aprendre de les experi\u00e8ncies ja realitzades per l&#8217;equip que desenvolupa E+V amb el suport del CEB en escoles p\u00fabliques de la ciutat, analitzant detalladament els encerts i errors de cara a poder extrapolar-les amb \u00e8xit. Tamb\u00e9 s&#8217;analitzaran altres treballs&hellip;Read More","og_url":"https:\/\/emv.upc.edu\/index.php\/cat\/1-aprendre-comprendre-i-millora\/","article_modified_time":"2024-06-26T11:32:39+00:00","og_image":[{"url":"https:\/\/emv.upc.edu\/wp-content\/uploads\/2024\/06\/1200px-Flag_of_Catalonia.svg-500x500-2.png"}],"twitter_card":"summary_large_image","twitter_misc":{"Est. reading time":"2 minutes"},"schema":{"@context":"https:\/\/schema.org","@graph":[{"@type":"WebPage","@id":"https:\/\/emv.upc.edu\/index.php\/cat\/1-aprendre-comprendre-i-millora\/","url":"https:\/\/emv.upc.edu\/index.php\/cat\/1-aprendre-comprendre-i-millora\/","name":"1. Aprendre, Compendre i Millorar -","isPartOf":{"@id":"https:\/\/emv.upc.edu\/#website"},"primaryImageOfPage":{"@id":"https:\/\/emv.upc.edu\/index.php\/cat\/1-aprendre-comprendre-i-millora\/#primaryimage"},"image":{"@id":"https:\/\/emv.upc.edu\/index.php\/cat\/1-aprendre-comprendre-i-millora\/#primaryimage"},"thumbnailUrl":"https:\/\/emv.upc.edu\/wp-content\/uploads\/2024\/06\/1200px-Flag_of_Catalonia.svg-500x500-2.png","datePublished":"2024-01-24T09:16:57+00:00","dateModified":"2024-06-26T11:32:39+00:00","breadcrumb":{"@id":"https:\/\/emv.upc.edu\/index.php\/cat\/1-aprendre-comprendre-i-millora\/#breadcrumb"},"inLanguage":"en-US","potentialAction":[{"@type":"ReadAction","target":["https:\/\/emv.upc.edu\/index.php\/cat\/1-aprendre-comprendre-i-millora\/"]}]},{"@type":"ImageObject","inLanguage":"en-US","@id":"https:\/\/emv.upc.edu\/index.php\/cat\/1-aprendre-comprendre-i-millora\/#primaryimage","url":"https:\/\/emv.upc.edu\/wp-content\/uploads\/2024\/06\/1200px-Flag_of_Catalonia.svg-500x500-2.png","contentUrl":"https:\/\/emv.upc.edu\/wp-content\/uploads\/2024\/06\/1200px-Flag_of_Catalonia.svg-500x500-2.png","width":500,"height":332},{"@type":"BreadcrumbList","@id":"https:\/\/emv.upc.edu\/index.php\/cat\/1-aprendre-comprendre-i-millora\/#breadcrumb","itemListElement":[{"@type":"ListItem","position":1,"name":"Portada","item":"https:\/\/emv.upc.edu\/"},{"@type":"ListItem","position":2,"name":"E + V &#8211; Escoles m\u00e9s ventilades","item":"https:\/\/emv.upc.edu\/"},{"@type":"ListItem","position":3,"name":"1. Aprendre, Compendre i Millorar"}]},{"@type":"WebSite","@id":"https:\/\/emv.upc.edu\/#website","url":"https:\/\/emv.upc.edu\/","name":"","description":"","potentialAction":[{"@type":"SearchAction","target":{"@type":"EntryPoint","urlTemplate":"https:\/\/emv.upc.edu\/?s={search_term_string}"},"query-input":"required name=search_term_string"}],"inLanguage":"en-US"}]}},"_links":{"self":[{"href":"https:\/\/emv.upc.edu\/index.php\/wp-json\/wp\/v2\/pages\/31","targetHints":{"allow":["GET"]}}],"collection":[{"href":"https:\/\/emv.upc.edu\/index.php\/wp-json\/wp\/v2\/pages"}],"about":[{"href":"https:\/\/emv.upc.edu\/index.php\/wp-json\/wp\/v2\/types\/page"}],"author":[{"embeddable":true,"href":"https:\/\/emv.upc.edu\/index.php\/wp-json\/wp\/v2\/users\/2"}],"replies":[{"embeddable":true,"href":"https:\/\/emv.upc.edu\/index.php\/wp-json\/wp\/v2\/comments?post=31"}],"version-history":[{"count":10,"href":"https:\/\/emv.upc.edu\/index.php\/wp-json\/wp\/v2\/pages\/31\/revisions"}],"predecessor-version":[{"id":687,"href":"https:\/\/emv.upc.edu\/index.php\/wp-json\/wp\/v2\/pages\/31\/revisions\/687"}],"up":[{"embeddable":true,"href":"https:\/\/emv.upc.edu\/index.php\/wp-json\/wp\/v2\/pages\/403"}],"wp:attachment":[{"href":"https:\/\/emv.upc.edu\/index.php\/wp-json\/wp\/v2\/media?parent=31"}],"curies":[{"name":"wp","href":"https:\/\/api.w.org\/{rel}","templated":true}]}}